Determine s(51).
-635
Let c(o) = -38*o + 1218. What is c(32)?
2
Let p(r) = -74*r + 436. Give p(11).
-378
Let a(h) = 91*h**2 + 452*h. What is a(-5)?
15
Let y(g) = 2*g**2 - 28*g + 50. Determine y(9).
-40
Let a(m) = -4*m**2 + 55*m - 63. What is a(13)?
-24
Let k(z) = 43*z - 101. Determine k(5).
114
Let u(w) = 3*w**2 + 24*w + 4. What is u(-8)?
4
Let a(w) = w**3 - 5*w**2 + 7*w + 2. What is a(2)?
4
Let r(k) = -29*k - 50. Determine r(5).
-195
Let d(l) = l**3 + 23*l**2 - l - 29. Determine d(-23).
-6
Let t(q) = q**3 - 43*q**2 - 93*q + 91. What is t(45)?
-44
Let j(h) = 2*h**3 - 23*h**2 + 18*h - 61. Determine j(11).
16
Let v(p) = 44*p + 82. Determine v(-3).
-50
Let q(n) = -2*n**3 - 108*n**2 + 17*n + 929. Give q(-54).
11
Let p(t) = 2*t**2 + 8*t - 43. What is p(8)?
149
Let g(u) = -43*u**2 + 25*u + 15. Determine g(5).
-935
Let x(m) = -3*m**2 + 17*m + 95. What is x(-5)?
-65
Let f(t) = -t**3 + 24*t**2 + 26*t + 51. What is f(25)?
76
Let n(i) = -i**3 + 9*i**2 + 10*i - 18. Give n(9).
72
Let b(o) = o**2 + 401*o + 18743. What is b(-54)?
5
Let m(g) = 7*g + 368. Calculate m(-100).
-332
Let i(j) = 165*j + 817. What is i(-5)?
-8
Let f(u) = 698*u - 6977. Determine f(10).
3
Let d(j) = 21*j + 1983. Determine d(-95).
-12
Let s(h) = h**2 + 29*h - 66. Determine s(-31).
-4
Let x(p) = p**3 - 3*p**2 + 585*p - 3626. Calculate x(6).
-8
Let d(x) = x**3 + 11*x**2 + 5*x + 14. What is d(-8)?
166
Let b(f) = 74*f + 1528. Calculate b(-19).
122
Let c(u) = -u**3 - 9*u**2 + 51*u + 363. Determine c(-5).
8
Let j(h) = -h**3 - 26*h**2 - 5*h - 243. Give j(-26).
-113
Let t(m) = 20*m + 313. Calculate t(-14).
33
Let q(w) = -8*w**3 - 15*w**2 + 16*w + 153. Determine q(-5).
698
Let r(x) = 153*x + 755. Give r(-6).
-163
Let t(s) = -110*s + 8213. What is t(75)?
-37
Let f(g) = g**2 + 110*g - 2680. Determine f(20).
-80
Let u(x) = -x**2 + 22*x - 17. What is u(0)?
-17
Let p(c) = -160*c + 1499. Determine p(7).
379
Let r(b) = b**3 - 3*b**2 + 94*b - 522. Calculate r(5).
-2
Let r(x) = -7*x**2 - 43*x - 63. Determine r(-5).
-23
Let n(o) = o**3 - 79*o**2 - 112*o + 2586. What is n(80)?
26
Let t(a) = 395*a + 3981. Give t(-10).
31
Let v(m) = -647*m - 34940. Calculate v(-54).
-2
Let q(a) = 539*a + 15. Calculate q(0).
15
Let h(s) = -60*s - 16. Determine h(1).
-76
Let l(n) = 5*n**2 + 1208*n + 4756. Calculate l(-4).
4
Let t(x) = -1972*x - 13823. Determine t(-7).
-19
Let w(b) = -3*b**2 + b + 11. What is w(-5)?
-69
Let m(z) = z**3 + 8*z**2 + 27*z + 14. Determine m(-3).
-22
Let g(s) = -201*s + 554. Calculate g(0).
554
Let n(g) = 7*g**2 - 18*g - 27. Determine n(-4).
157
Let n(v) = 16*v**2 + 283*v - 740. Calculate n(-20).
0
Let n(t) = -2*t - 250. Give n(-134).
18
Let v(z) = -763*z - 2945. Determine v(-4).
107
Let j(w) = -27*w**2 - 186*w + 26. Give j(-7).
5
Let w(s) = -9*s**2 + 35*s + 183. Determine w(7).
-13
Let u(h) = h**2 + 15*h - 4. Give u(-9).
-58
Let t(k) = 3*k**2 - 88*k + 33. Determine t(29).
4
Let j(u) = u**2 + 81*u + 630. Give j(-10).
-80
Let q(x) = x**3 - 38*x**2 - 47*x + 3111. What is q(37)?
3
Let g(f) = -4*f**2 - 194*f - 83. What is g(-48)?
13
Let v(n) = 2*n**2 - 160*n - 19269. Determine v(146).
3
Let l(m) = 18*m - 128. Give l(-2).
-164
Let z(y) = 4*y**2 - 29*y + 21. What is z(9)?
84
Let o(t) = -5*t - 72. Give o(-19).
23
Let v(k) = -9*k**2 - 247*k + 26. Give v(-28).
-114
Let n(d) = -1118*d - 62592. Determine n(-56).
16
Let a(z) = 382*z**2 - 3817*z - 10. Give a(10).
20
Let i(j) = -181*j - 100. What is i(-1)?
81
Let b(f) = f**2 + 27*f - 131. Determine b(5).
29
Let v(m) = 251*m - 2533. Calculate v(10).
-23
Let z(g) = -8*g**2 - 59*g - 1. Calculate z(-7).
20
Let a(r) = -r**2 - 270*r - 14259. Give a(-72).
-3
Let p(s) = -50*s - 1623. What is p(-25)?
-373
Let l(s) = -119*s - 919. Give l(-8).
33
Let v(a) = a**3 + 95*a**2 + 2235*a + 478. Calculate v(-53).
1
Let h(x) = 112*x - 93. What is h(1)?
19
Let l(t) = 12*t**2 - 200*t + 134. Give l(16).
6
Let m(u) = 2*u**3 + 210*u**2 - 425*u + 323. What is m(-107)?
2
Let a(t) = -61*t + 3840. Calculate a(65).
-125
Let r(j) = -2*j**2 + 400*j - 10757. Give r(168).
-5
Let v(y) = 2*y**2 + 2136*y + 12771. Determine v(-6).
27
Let p(w) = -93*w**2 - 3*w + 11. Calculate p(2).
-367
Let l(z) = 3*z**2 - z - 1. Calculate l(11).
351
Let o(b) = -111*b + 1150. Calculate o(10).
40
Let y(o) = 22*o - 1951. Give y(89).
7
Let u(j) = 3*j - 101. Determine u(23).
-32
Let s(x) = 7*x**2 - 702*x + 702. What is s(1)?
7
Let j(w) = -w**3 - 67*w**2 + 204*w - 345. Determine j(-70).
75
Let z(q) = -2*q**3 + 23*q**2 + 12*q - 38. Calculate z(12).
-38
Let m(g) = g**3 - 27*g**2 + 91*g - 449. Determine m(24).
7
Let n(p) = 2*p**2 + 187*p + 455. What is n(-91)?
0
Let a(b) = b**3 + 16*b**2 - 12*b - 186. Determine a(-16).
6
Let k(s) = -4727*s - 37821. Determine k(-8).
-5
Let m(g) = -g**2 + 9*g - 8. Give m(5).
12
Let n(m) = -30*m + 103. Determine n(4).
-17
Let m(x) = -1366*x + 13744. Give m(10).
84
Let i(p) = -25*p + 3. Determine i(-4).
103
Let h(l) = l**2 + 40*l + 301. Calculate h(-30).
1
Let l(w) = -123*w - 1959. Calculate l(-16).
9
Let n(a) = -7*a**2 + 198*a - 96. Calculate n(28).
-40
Let t(d) = -d**2 + 84*d + 1077. Determine t(97).
-184
Let f(o) = 2*o**2 - 138*o + 662. Determine f(5).
22
Let w(h) = -34*h - 2286. Give w(-67).
-8
Let m(a) = 43*a - 606. Calculate m(14).
-4
Let r(y) = -y**3 - 63*y**2 + 66*y + 126. Calculate r(-64).
-2
Let y(g) = -g**2 - 4*g + 4. Give y(-5).
-1
Let l(o) = -2*o**3 - 46*o**2 - 48*o - 39. Calculate l(-22).
49
Let z(w) = -65*w + 8027. Give z(127).
-228
Let r(v) = -2*v**2 + 132*v + 312. Determine r(0).
312
Let k(z) = -z**3 + 68*z**2 - 122*z + 3713. What is k(67)?
28
Let s(x) = 5*x**3 + 8*x**2 + 16*x + 18. What is s(-4)?
-238
Let d(j) = -5*j**3 - 2*j**2 + 41*j - 39. Give d(1).
-5
Let r(y) = y**3 - 7*y**2 + 11*y + 2. Give r(5).
7
Let i(n) = 5*n**3 - 3*n**2 - 1. What is i(2)?
27
Let w(g) = -20*g**2 + 3. Calculate w(-2).
-77
Let j(a) = -6528*a + 52212. Give j(8).
-12
Let w(z) = -72*z + 1734. Calculate w(24).
6
Let f(x) = 2*x**2 + 43*x - 325. Determine f(7).
74
Let o(c) = c**2 - 15*c + 164. Determine o(20).
264
Let b(l) = -l**3 - 4*l**2 + 330*l + 2201. What is b(-16)?
-7
Let k(b) = -b**2 + 4349*b + 56719. Give k(-13).
13
Let u(t) = -14*t**2 + 78*t + 27. Calculate u(6).
-9
Let n(h) = 5*h - 162. Give n(33).
3
Let w(r) = 2*r**2 - 12*r - 155. What is w(-5)?
-45
Let y(h) = -h**2 + 125*h - 3638. Determine y(46).
-4
Let u(a) = -2*a**2 + 7*a + 38. Determine u(-4).
-22
Let l(h) = h**2 - 7*h + 17. Give l(7).
17
Let b(y) = 12*y**2 + 256*y - 443. Calculate b(-23).
17
Let f(j) = -22*j - 403. Determine f(-8).
-227
Let d(g) = 5*g**3 - 3*g**2 + 3*g + 11. What is d(3)?
128
Let m(o) = 34*o + 1. Give m(0).
1
Let q(u) = 11*u**2 + 327*u + 163. Calculate q(-29).
-69
Let p(o) = -8*o**2 + 28*o - 235. Determine p(12).
-1051
Let k(g) = g**3 - 83*g**2 - 930*g + 56. Calculate k(93).
56
Let g(d) = -83*d - 4192. What is g(-50)?
-42
Let l(o) = 546*o + 7096. Calculate l(-13).
-2
Let x(p) = -110*p + 583. Give x(7).
-187
Let f(c) = -2*c**3 - 15*c**2 - 8*c - 139. What is f(-8)?
-11
Let o(l) = 17*l**2 + 19. What is o(4)?
291
Let v(b) = -b**2 + 44*b + 247. Determine v(38).
475
Let b(f) = 3*f**2 + 42*f + 67. What is b(-13)?
28
Let v(k) = 2*k**3 - 107*k**2 + 51*k + 149. Calculate v(53).
43
Let m(c) = 2*c**3 - 104*c**2 - 574*c + 223. Give m(57).
-5
Let g(t) = 7*t - 326. What is g(44)?
-18
Let a(h) = h**3 + 27*h**2 - 278*h + 25. Calculate a(-35).
-45
Let g(i) = -191*i - 564. Determine g(-3).
9
Let q(d) = -2*d**3 - 7*d**2 + 30*d + 110. Give q(-4).
6
Let v(a) = -227*a - 8175. Give v(-36).
-3
Let o(t) = 3*t**2 - 46*t + 109. Calculate o(10).
-51
Let m(i) = -i**2 - 76*i - 306. Calculate m(-5).
49
Let z(s) = -125*s + 1142. Calculate z(13).
-483
Let n(f) = 67*f - 25. Determine n(-2).
-159
Let y(v) = 2*v**3 - 18*v**2 + 23*v - 38. Calculate y(8).
18
Let o(r) = 5*r**3 + r**2 - 65*r + 65. Calculate o(1).
6
Let k(a) = -136*a + 2591. Calculate k(19).
7
Let m(p) = -17*p + 404. Calculate m(25).
-21
Let k(u) = -8*u + 21. Calculate k(1).
13
Let o(g) = 3*g**2 + 223*g + 1824. Give o(-65).
4
Let m(z) = 34*z - 175. Give m(5).
-5
Let k(j) = -j**2 + 24*j - 26. Give k(15).
109
Let n(b) = 192*b + 1348. Calculate n(-7).
4
Let u(m) = 128*m - 811. Determine u(5).
-171
Let v(c) = 310*c - 29. Give v(0).
-29
Let x(u) = u**3 + 15*u**2 - 24*u - 722. Calculate x(-12).
-2
Let w